{"id":238,"date":"2026-01-16T10:34:55","date_gmt":"2026-01-16T10:34:55","guid":{"rendered":"https:\/\/artaudpaysagiste.fr\/?page_id=238"},"modified":"2026-02-02T11:18:58","modified_gmt":"2026-02-02T11:18:58","slug":"elementor-238","status":"publish","type":"page","link":"https:\/\/artaudpaysagiste.fr\/index.php\/elementor-238\/","title":{"rendered":"Nos services de cr\u00e9ation"},"content":{"rendered":"\t\t<div data-elementor-type=\"wp-page\" data-elementor-id=\"238\" class=\"elementor elementor-238\" data-elementor-post-type=\"page\">\n\t\t\t\t<div class=\"elementor-element elementor-element-8936d01 e-flex e-con-boxed e-con e-parent\" data-id=\"8936d01\" data-element_type=\"container\" data-e-type=\"container\">\n\t\t\t\t\t<div class=\"e-con-inner\">\n\t\t<div class=\"elementor-element elementor-element-dfccd82 e-con-full e-flex e-con e-child\" data-id=\"dfccd82\" data-element_type=\"container\" data-e-type=\"container\">\n\t\t\t\t<div class=\"elementor-element elementor-element-560f3a8 elementor-widget elementor-widget-heading\" data-id=\"560f3a8\" data-element_type=\"widget\" data-e-type=\"widget\" data-widget_type=\"heading.default\">\n\t\t\t\t\t<h2 class=\"elementor-heading-title elementor-size-default\">CR\u00c9ATION<\/h2>\t\t\t\t<\/div>\n\t\t\t\t<div class=\"elementor-element elementor-element-f57ce4f elementor-widget elementor-widget-text-editor\" data-id=\"f57ce4f\" data-element_type=\"widget\" data-e-type=\"widget\" data-widget_type=\"text-editor.default\">\n\t\t\t\t\t\t\t\t\t<p>De <strong>l\u2019id\u00e9e<\/strong> \u00e0 la <strong>mise<\/strong> en <strong>\u0153uvre<\/strong>, nous <strong>imaginons<\/strong> et <strong>r\u00e9alisons<\/strong> des <strong>espaces ext\u00e9rieurs<\/strong> sur <strong>mesure<\/strong>, pens\u00e9s pour <strong>s\u2019int\u00e9grer<\/strong> harmonieusement \u00e0 votre <strong>cadre<\/strong> de vie et <strong>r\u00e9pondre<\/strong> \u00e0 vos <strong>attentes et aux contraintes environnementales.<\/strong><\/p>\t\t\t\t\t\t\t\t<\/div>\n\t\t\t\t<div class=\"elementor-element elementor-element-2a2247f elementor-align-center elementor-widget elementor-widget-button\" data-id=\"2a2247f\" data-element_type=\"widget\" data-e-type=\"widget\" data-widget_type=\"button.default\">\n\t\t\t\t\t\t\t\t\t\t<a class=\"elementor-button elementor-button-link elementor-size-sm\" href=\"https:\/\/artaudpaysagiste.fr\/index.php\/contact\/\">\n\t\t\t\t\t\t<span class=\"elementor-button-content-wrapper\">\n\t\t\t\t\t\t\t\t\t<span class=\"elementor-button-text\">Demandez un devis<\/span>\n\t\t\t\t\t<\/span>\n\t\t\t\t\t<\/a>\n\t\t\t\t\t\t\t\t<\/div>\n\t\t\t\t<\/div>\n\t\t<div class=\"elementor-element elementor-element-68461bc e-con-full e-flex e-con e-child\" data-id=\"68461bc\" data-element_type=\"container\" data-e-type=\"container\">\n\t\t\t\t<div class=\"elementor-element elementor-element-a524895 elementor-widget elementor-widget-image\" data-id=\"a524895\" data-element_type=\"widget\" data-e-type=\"widget\" data-widget_type=\"image.default\">\n\t\t\t\t\t\t\t\t\t\t\t\t\t\t\t<img fetchpriority=\"high\" decoding=\"async\" width=\"800\" height=\"800\" src=\"https:\/\/artaudpaysagiste.fr\/wp-content\/uploads\/2026\/01\/2-1024x1024.jpg\" class=\"attachment-large size-large wp-image-65\" alt=\"Am\u00e9nagement de jardin par Artaud paysagiste \u00e0 Orange\" srcset=\"https:\/\/artaudpaysagiste.fr\/wp-content\/uploads\/2026\/01\/2-1024x1024.jpg 1024w, https:\/\/artaudpaysagiste.fr\/wp-content\/uploads\/2026\/01\/2-300x300.jpg 300w, https:\/\/artaudpaysagiste.fr\/wp-content\/uploads\/2026\/01\/2-150x150.jpg 150w, https:\/\/artaudpaysagiste.fr\/wp-content\/uploads\/2026\/01\/2-768x768.jpg 768w, https:\/\/artaudpaysagiste.fr\/wp-content\/uploads\/2026\/01\/2.jpg 1080w\" sizes=\"(max-width: 800px) 100vw, 800px\" \/>\t\t\t\t\t\t\t\t\t\t\t\t\t\t\t<\/div>\n\t\t\t\t<\/div>\n\t\t\t\t\t<\/div>\n\t\t\t\t<\/div>\n\t\t<div class=\"elementor-element elementor-element-01be23d e-flex e-con-boxed e-con e-parent\" data-id=\"01be23d\" data-element_type=\"container\" data-e-type=\"container\" data-settings=\"{&quot;background_background&quot;:&quot;classic&quot;}\">\n\t\t\t\t\t<div class=\"e-con-inner\">\n\t\t<div class=\"elementor-element elementor-element-bd537cc e-con-full e-flex e-con e-child\" data-id=\"bd537cc\" data-element_type=\"container\" data-e-type=\"container\" data-settings=\"{&quot;background_background&quot;:&quot;classic&quot;}\">\n\t\t\t\t<div class=\"elementor-element elementor-element-ade4d14 elementor-widget elementor-widget-heading\" data-id=\"ade4d14\" data-element_type=\"widget\" data-e-type=\"widget\" data-widget_type=\"heading.default\">\n\t\t\t\t\t<h2 class=\"elementor-heading-title elementor-size-default\">AM\u00c9NAGEMENT<\/h2>\t\t\t\t<\/div>\n\t\t\t\t<div class=\"elementor-element elementor-element-ba62f2f elementor-widget elementor-widget-text-editor\" data-id=\"ba62f2f\" data-element_type=\"widget\" data-e-type=\"widget\" data-widget_type=\"text-editor.default\">\n\t\t\t\t\t\t\t\t\t<ul><li><strong>Conception<\/strong> et <strong>cr\u00e9ation<\/strong> de jardins sur mesure\u00a0<\/li><li><strong>Plantations<\/strong> (arbres, arbustes, massifs,haies)<\/li><li><strong>Engazonnement naturel<\/strong> ou pose <strong>de gazon synth\u00e9tique<\/strong><\/li><li><strong>Installation<\/strong> de syst\u00e8mes d&#8217;arrosage<\/li><li><strong>Mise en place<\/strong> de murs v\u00e9g\u00e9talis\u00e9s<\/li><\/ul>\t\t\t\t\t\t\t\t<\/div>\n\t\t\t\t<\/div>\n\t\t<div class=\"elementor-element elementor-element-0440296 e-con-full e-flex e-con e-child\" data-id=\"0440296\" data-element_type=\"container\" data-e-type=\"container\" data-settings=\"{&quot;background_background&quot;:&quot;classic&quot;}\">\n\t\t\t\t<div class=\"elementor-element elementor-element-a39148f elementor-widget elementor-widget-heading\" data-id=\"a39148f\" data-element_type=\"widget\" data-e-type=\"widget\" data-widget_type=\"heading.default\">\n\t\t\t\t\t<h2 class=\"elementor-heading-title elementor-size-default\">CR\u00c9ATION<\/h2>\t\t\t\t<\/div>\n\t\t\t\t<div class=\"elementor-element elementor-element-7905543 elementor-widget elementor-widget-text-editor\" data-id=\"7905543\" data-element_type=\"widget\" data-e-type=\"widget\" data-widget_type=\"text-editor.default\">\n\t\t\t\t\t\t\t\t\t<ul>\n<li><strong>Cr\u00e9ation<\/strong> de terrasses en <strong>bois<\/strong><\/li>\n<li><strong>Pose<\/strong> de <strong>clot\u00fbres<\/strong><\/li>\n<li><strong>Installation<\/strong> de bordures <strong>m\u00e9talliques<\/strong><\/li>\n<li>Petits <strong>travaux<\/strong> de <strong>terrassement<\/strong><\/li>\n<li><strong>Cr\u00e9ation<\/strong> d&#8217;all\u00e9es et <strong>cheminements<\/strong> ext\u00e9rieur<\/li>\n<\/ul>\t\t\t\t\t\t\t\t<\/div>\n\t\t\t\t<\/div>\n\t\t\t\t\t<\/div>\n\t\t\t\t<\/div>\n\t\t\t\t<\/div>\n\t\t","protected":false},"excerpt":{"rendered":"<p>CR\u00c9ATION De l\u2019id\u00e9e \u00e0 la mise en \u0153uvre, nous imaginons et r\u00e9alisons des espaces ext\u00e9rieurs sur mesure, pens\u00e9s pour s\u2019int\u00e9grer harmonieusement \u00e0 votre cadre de vie et r\u00e9pondre \u00e0 vos attentes et aux contraintes environnementales. Demandez un devis AM\u00c9NAGEMENT Conception et cr\u00e9ation de jardins sur mesure\u00a0 Plantations (arbres, arbustes, massifs,haies) Engazonnement naturel ou pose de [&hellip;]<\/p>\n","protected":false},"author":1,"featured_media":0,"parent":0,"menu_order":0,"comment_status":"closed","ping_status":"closed","template":"","meta":{"footnotes":""},"class_list":["post-238","page","type-page","status-publish","hentry"],"_links":{"self":[{"href":"https:\/\/artaudpaysagiste.fr\/index.php\/wp-json\/wp\/v2\/pages\/238","targetHints":{"allow":["GET"]}}],"collection":[{"href":"https:\/\/artaudpaysagiste.fr\/index.php\/wp-json\/wp\/v2\/pages"}],"about":[{"href":"https:\/\/artaudpaysagiste.fr\/index.php\/wp-json\/wp\/v2\/types\/page"}],"author":[{"embeddable":true,"href":"https:\/\/artaudpaysagiste.fr\/index.php\/wp-json\/wp\/v2\/users\/1"}],"replies":[{"embeddable":true,"href":"https:\/\/artaudpaysagiste.fr\/index.php\/wp-json\/wp\/v2\/comments?post=238"}],"version-history":[{"count":40,"href":"https:\/\/artaudpaysagiste.fr\/index.php\/wp-json\/wp\/v2\/pages\/238\/revisions"}],"predecessor-version":[{"id":433,"href":"https:\/\/artaudpaysagiste.fr\/index.php\/wp-json\/wp\/v2\/pages\/238\/revisions\/433"}],"wp:attachment":[{"href":"https:\/\/artaudpaysagiste.fr\/index.php\/wp-json\/wp\/v2\/media?parent=238"}],"curies":[{"name":"wp","href":"https:\/\/api.w.org\/{rel}","templated":true}]}}